 remainder when s is divided by 74?
31
Let h be (((-16)/6)/(-2))/((-42)/(-63)). Suppose -h*i = -i + 5*z - 64, 3*i - 2*z - 107 = 0. Calculate the remainder when 232 is divided by i.
37
Suppose -5*d - 1229 = -t, 3*t + 3*d - 3777 = -0*d. Suppose 18*o - t = -15*o. Calculate the remainder when o is divided by 10.
8
Let i(a) = a**2 + 8*a - 1. Let z be i(-7). Calculate the remainder when 54 is divided by z/(-6) - (-1820)/156.
2
Let x = -57061 - -57112. Let p = 857 + -350. Calculate the remainder when p is divided by x.
48
Suppose -2*u - 13 = -343. Let s = 264 - u. Calculate the remainder when s is divided by 25.
24
Let x be (-53)/(-1 + -1*(2 - 2)). Let p = x - 37. Calculate the remainder when p is divided by 4.
0
Suppose 5869 = 112*q - 67. What is the remainder when q is divided by 8?
5
Let p = 228 + -139. Let c = 16090 + -16072. Calculate the remainder when p is divided by c.
17
Suppose -o = 5*p - 10, -6*o = -3*p - 2*o + 29. Suppose -5*w - 2*h + 1110 = p*h, -2*h - 237 = -w. What is the remainder when w is divided by 38?
37
Let f = 1026 - 972. What is the remainder when 136 is divided by f?
28
Let h(p) = 5*p**3 + 10*p**2 - 15*p + 2. Let g be h(5). Suppose 0 = 36*f + g - 3394. Calculate the remainder when 1007 is divided by f.
71
Suppose o + 3*g - 4 = 0, -g - 1 = -2. Suppose -l - o = 2*j, 0*l = -2*l - j - 14. What is the remainder when 27 is divided by 5 + l - (2 + 20)*-1?
9
Suppose -36*c + 35*c + 93 = 0. Suppose -c = -12*y + 39. Calculate the remainder when y is divided by 7.
4
Let w = 55 + 3067. What is the remainder when w is divided by 125?
122
Let h(m) = m**3 + 7*m**2 + 5*m - 3. Suppose g - 3*o = -2*g, -5*g - 2*o = 28. Let y = -44440 + 44453. Calculate the remainder when h(g) is divided by y.
12
Suppose 19*m - 2183 = 18*m - o, m - 15*o = 2119. What is the remainder when m is divided by 109?
108
Let q(c) = 82*c**2 - 1. Suppose -5429 - 7342 = -297*v. What is the remainder when q(1) is divided by v?
38
Suppose -n = 4*v + 19, 3*v = 5*n + 29 + 20. Let x be ((-1)/2)/(n/(-44)). Let l(w) = -3*w + 7. Calculate the remainder when 63 is divided by l(x).
11
Suppose 0 = -5*j + 5*t + 145720, 5*j - 133758 = -2*t + 11990. What is the remainder when j is divided by 110?
108
Let s = -388 + 537. Suppose 2*r - s = -9*m + 4*m, 2*r = -2*m + 146. Calculate the remainder when 140 is divided by r.
68
Suppose -310*b + 750 = -307*b. Let p = b + -239. What is the remainder when 48 is divided by p?
4
Suppose -2*p - 3*p + 70 = 0. Suppose -6 = -3*f + 2*f - 2*t, 2*t = 0. What is the remainder when 56/6*f - 1 is divided by p?
13
Let j(v) = 22*v - 1. Let i = 284 - 514. Let s = -207 - i. What is the remainder when j(2) is divided by s?
20
Let o be (-12)/(-9)*(50 - 2). Let c = o + -55. Calculate the remainder when 19 is divided by c.
1
Suppose d = 0, d = -2*f + 6*d - 230. Let m = f + 118. Suppose -m*g + 82 = -2*x, -3*g - 5*x + 42 = -g. What is the remainder when 48 is divided by g?
22
Let p(j) = -j**2 + 19*j - 11. Let g be (-2)/11*1 - 156/(-11). What is the remainder when 352 is divided by p(g)?
57
Let a = 9342 + -8947. Calculate the remainder when a is divided by 36.
35
Suppose 15*n - 7808 = -12*n + 778. Calculate the remainder when 968 is divided by n.
14
Suppose -37*c + 5408 = -11*c. Suppose 3*f + 4*m = 9*m + 279, -4*m + c = 2*f. What is the remainder when f is divided by 33?
32
Suppose j = n + 130, -280 + 11 = -2*j + 5*n. Calculate the remainder when 2918 is divided by j.
124
Let d(u) be the third derivative of -u**4/4 - 10*u**3/3 - u**2. Let s be d(-7). Suppose -20*m = -s*m + 80. Calculate the remainder when m is divided by 14.
12
Suppose -f + 901 + 539 = 0. What is the remainder when f is divided by 85?
80
Let r be 13 + -10 - 127*1. Let l be 1060/(-22) - (r/(-44) - 3). Let i = l + 49. Calculate the remainder when 1 is divided by i.
0
Let x = -3168 + 3267. What is the remainder when 1088 is divided by x?
98
What is the remainder when (1 - (-8 - -6)) + 1*24424 + -3 is divided by 17?
12
Suppose 0 = -24*w + 29*w - 1840. Let j = w + -301. What is the remainder when 209 is divided by j?
8
Let l = 87 - 69. Let o(s) = -s**3 - s**2 + 2*s + 69. Let p be o(0). Suppose -f + p = 1. Calculate the remainder when f is divided by l.
14
Let t be 1 + 13/(-1 + 2). Suppose 5*c + 5 = 6*n - n, 0 = 5*n - c - 9. Suppose 3*z + z = 2*g + t, z + g = n. What is the remainder when 5 is divided by z?
2
What is the remainder when -57*-1*24/36 is divided by 4/10 + (-693)/(-55)?
12
Let j(l) = -172*l - 1120. What is the remainder when j(-9) is divided by 21?
8
Let l(c) = -3*c + 166. Calculate the remainder when 3296 is divided by l(3).
156
Let j = 386631 - 386542. Suppose -4*d + 189 = 9. Calculate the remainder when j is divided by d.
44
Let u = -8129 + 8149. Calculate the remainder when 119 is divided by u.
19
Let j(o) = -6*o**3 - 82*o**2 + 225*o + 40. Calculate the remainder when 90 is divided by j(-16).
18
Suppose i + 1 = -3*g, 3*i = -3*g + 2*g + 5. Suppose 2*m = 25*s - 20*s - 24, 4*m = i*s - 16. What is the remainder when 27 is divided by s?
3
Suppose -58065 - 47505 = -230*y. What is the remainder when y is divided by 197?
65
Suppose -24*o + 20*o + 108 = -8*f, -3*f - 198 = -5*o. Suppose 0 = -2*u - 5*w + 328, 0 = -u + w + 1 + 177. Calculate the remainder when u is divided by o.
39
Suppose -15*m + 39*m + 53460 = 79*m. What is the remainder when m is divided by 8?
4
Let t(d) = -74*d + 3757. What is the remainder when t(18) is divided by 134?
13
What is the remainder when 41 is divided by 140*(867/85 + -10)?
13
Let t = -41407 + 41417. What is the remainder when 14907 is divided by t?
7
Suppose 152 = 2*u - 2*p, 5*u + 27*p - 252 = -0*u. Calculate the remainder when 2814 is divided by u.
6
Let d = 5167 - 5163. What is the remainder when 181 is divided by d?
1
Let y(c) = 1528*c - 8943. What is the remainder when 884 is divided by y(6)?
209
Let n = -39 - -59. Suppose -47*t = -52*t + n. Let c = 30 + t. Calculate the remainder when 100 is divided by c.
32
Let c(x) = -68*x + 1509. What is the remainder when 1852 is divided by c(21)?
70
Let c(f) = -13*f - 85. Suppose 3*t = 0, -t = 5*g - g - 20. What is the remainder when c(-7) is divided by g?
1
Let t(b) = 41*b + 44*b - 131*b + 39*b - 2. Let l(o) = o**2 + 16*o - 3. Let c be l(-16). What is the remainder when 53 is divided by t(c)?
15
Suppose 37*v - 151 = k, 9*v - 4*v - 4*k = 32. Calculate the remainder when 139 is divided by v.
3
Suppose 2*w + 455 = 5*s, 182 = s + s + 2*w. Let t = s + 96. Calculate the remainder when t is divided by 21.
19
Let p = 30324 - 30073. Calculate the remainder when 500 is divided by p.
249
Suppose -7*x + 418 = -79. Suppose 0 = 69*b - x*b + 8. Calculate the remainder when 12 is divided by b.
0
Let f = 15 + -39. Let i = 39 + f. Let u(v) = -v**3 + 14*v**2 + 17*v - 7. Calculate the remainder when 90 is divided by u(i).
21
Let o(y) = -y + 9. Let i be o(5). Suppose t = 2*s + 4 - 62, 16 = i*t. What is the remainder when s is divided by (27/72*4)/(12/80)?
1
Suppose -497*h + 648 = -416*h. Calculate the remainder when 16227 is divided by h.
3
Let n(h) be the second derivative of -h**4/12 + 4*h**3/3 + h**2 - 4*h. Let b be n(8). Suppose -b*g + 13 = 7. What is the remainder when 12 is divided by g?
0
Let y be 1/((-2 - -3)/(-5)). Let t(n) = n**2 + 7. Calculate the remainder when ((-1220)/(-90))/((-32)/(-144)) is divided by t(y).
29
Suppose -17*i + 1268 - 1207 + 2472 = 0. What is the remainder when i is divided by 14?
9
Suppose -5788 = 409*g - 574*g + 29027. Calculate the remainder when 633 is divided by g.
0
Let j = 18994 - 18931. Calculate the remainder when 63 is divided by j.
0
Suppose -47*m + 46*m + 48 = 0. Suppose 115 = m*i - 43*i. What is the remainder when 33 is divided by i?
10
Let r be 18/(-45) + (-316)/10. Let o = r - -33. Calculate the remainder when 19 is divided by o/(-4) - (-3)/((-24)/(-106)).
6
Calculate the remainder when 2*-12*((-549)/135 + (-8)/(-20)) is divided by 9.
7
Suppose -4*u - 263 = -5*k, -2*u + 281 = 5*k - 0*k. Let r(h) = h**2 + 5. What is the remainder when k is divided by r(5)?
25
Let k = -177 - -260. What is the remainder when 160 + -3 + (8 - (-6 + 13))*4 is divided by k?
78
Let n = -10312 + 12819. What is the remainder when n is divided by 18?
5
Let s(b) = -33*b + 3. Let v be s(2). Let u = -190 - v. Let k = 249 + u. Calcu